{"id":44,"date":"2024-09-26T21:37:06","date_gmt":"2024-09-26T19:37:06","guid":{"rendered":"https:\/\/24tsv.fr\/?page_id=44"},"modified":"2026-04-08T18:11:38","modified_gmt":"2026-04-08T16:11:38","slug":"infos-pratiques","status":"publish","type":"page","link":"https:\/\/24tsv.fr\/index.php\/infos-pratiques\/","title":{"rendered":"Infos pratiques"},"content":{"rendered":"\n<h2 id=\"wp-block-themeisle-blocks-advanced-heading-3cd04277\" class=\"wp-block-themeisle-blocks-advanced-heading wp-block-themeisle-blocks-advanced-heading-3cd04277\">Infos Pratiques<\/h2>\n\n\n\n<p><strong>Date et lieu :<\/strong><\/p>\n\n\n\n<ul class=\"wp-block-list\">\n<li><strong>Date :<\/strong> 11 Avril 2026<\/li>\n\n\n\n<li><strong>Horaires :<\/strong> \n<ul class=\"wp-block-list\">\n<li>11 heure d\u00e9part pour les formats 24, relais &amp; maratour <\/li>\n\n\n\n<li>14heure 10 d\u00e9part pour le 4 Tours D\u00e9couverte<\/li>\n\n\n\n<li>15heure initiation trail pour les enfants par trail school<\/li>\n\n\n\n<li>18 heure arriv\u00e9e commune et FESTIVE pour les Maratour et  4 Tours D\u00e9couverte<\/li>\n\n\n\n<li>11 heure (le dimanche) : arriv\u00e9e des survivors des 24 TSV et relais. <br><\/li>\n<\/ul>\n<\/li>\n\n\n\n<li><strong>Retrait des dossards : <\/strong>\n<ul class=\"wp-block-list\">\n<li>A partir de 9h00 et jusqu&rsquo;\u00e0 10h30 pour les 24TSV, relais et Maratour <\/li>\n\n\n\n<li>de 12h00 \u00e0 13h30 pour les 4 Tours D\u00e9couverte<br><\/li>\n<\/ul>\n<\/li>\n\n\n\n<li><strong>Lieu :<\/strong> Centre de Loisirs Jean Moulin &#8211; Tour Sans Venin, Seyssinet<br>Un cadre naturel exceptionnel pour une \u00e9preuve unique en son genre. Acc\u00e8s facile en voiture ou en transport en commun.<\/li>\n<\/ul>\n\n\n\n<p><strong>Acc\u00e8s :<\/strong><\/p>\n\n\n\n<p>Toutes les infos ici, \u00e0 lire attentivement svp<\/p>\n\n\n\n<div class=\"wp-block-buttons is-content-justification-center is-layout-flex wp-container-core-buttons-is-layout-a89b3969 wp-block-buttons-is-layout-flex\">\n<div class=\"wp-block-button\"><a class=\"wp-block-button__link wp-element-button\" href=\"https:\/\/24tsv.fr\/index.php\/acces-parkings\/\">Acc\u00e8s &amp; Parkings<\/a><\/div>\n<\/div>\n\n\n\n<p><strong>Tarifs :<\/strong><\/p>\n\n\n\n<ul class=\"wp-block-list\">\n<li>24 Tours, la 24 TSV : 60 \u20ac jusqu&rsquo;au 28\/02, 65 \u20ac jusqu&rsquo;au 31\/03, 70 \u20ac apr\u00e8s<\/li>\n\n\n\n<li>24 Tours : la 24 TSV en Relais \u00e0 2 : 100 \u20ac jusqu&rsquo;au 28\/02, 110 \u20ac jusqu&rsquo;au 31\/03, 115 \u20ac apr\u00e8s<\/li>\n\n\n\n<li>7 Tours, MaraTour : 45 \u20ac jusqu&rsquo;au 28\/02, 50 \u20ac jusqu&rsquo;au 31\/03, 55 \u20ac apr\u00e8s<\/li>\n\n\n\n<li>4 Tours D\u00e9couverte : 30 \u20ac jusqu&rsquo;au 31\/03, 35\u20ac apr\u00e8s<\/li>\n\n\n\n<li><\/li>\n<\/ul>\n\n\n\n<div class=\"wp-block-buttons is-content-justification-center is-layout-flex wp-container-core-buttons-is-layout-a89b3969 wp-block-buttons-is-layout-flex\">\n<div class=\"wp-block-button\"><a class=\"wp-block-button__link wp-element-button\" href=\"https:\/\/in.njuko.com\/les-24-tours-sans-venin\" target=\"_blank\" rel=\"noreferrer noopener\">Je m&rsquo;inscris<\/a><\/div>\n<\/div>\n\n\n\n<p><strong>R\u00e8glement: <\/strong><\/p>\n\n\n\n<ul class=\"wp-block-list\">\n<li><a href=\"https:\/\/24tsv.fr\/wp-content\/uploads\/2025\/12\/reglement-24TSV2026.pdf\" target=\"_blank\" rel=\"noreferrer noopener\">T\u00e9l\u00e9chargeable ici <\/a><\/li>\n<\/ul>\n\n\n\n<p><strong>Convivialit\u00e9 :<\/strong><\/p>\n\n\n\n<ul class=\"wp-block-list\">\n<li>Des espaces pour les familles et amis des participants sont pr\u00e9vus.<\/li>\n\n\n\n<li>Ambiance chaleureuse et encouragements garantis tout au long de la course !<\/li>\n<\/ul>\n\n\n\n<div class=\"wp-block-columns is-layout-flex wp-container-core-columns-is-layout-28f84493 wp-block-columns-is-layout-flex\">\n<div class=\"wp-block-column is-layout-flow wp-block-column-is-layout-flow\">\n<figure class=\"wp-block-image aligncenter size-large\"><img loading=\"lazy\" decoding=\"async\" width=\"1024\" height=\"683\" src=\"https:\/\/24tsv.fr\/wp-content\/uploads\/2025\/06\/24TSVDSC02771-1024x683.jpg\" alt=\"\" class=\"wp-image-250\" srcset=\"https:\/\/24tsv.fr\/wp-content\/uploads\/2025\/06\/24TSVDSC02771-1024x683.jpg 1024w, https:\/\/24tsv.fr\/wp-content\/uploads\/2025\/06\/24TSVDSC02771-300x200.jpg 300w, https:\/\/24tsv.fr\/wp-content\/uploads\/2025\/06\/24TSVDSC02771-768x512.jpg 768w, https:\/\/24tsv.fr\/wp-content\/uploads\/2025\/06\/24TSVDSC02771-1536x1024.jpg 1536w, https:\/\/24tsv.fr\/wp-content\/uploads\/2025\/06\/24TSVDSC02771-2048x1365.jpg 2048w\" sizes=\"auto, (max-width: 1024px) 100vw, 1024px\" \/><\/figure>\n<\/div>\n\n\n\n<div class=\"wp-block-column is-layout-flow wp-block-column-is-layout-flow\">\n<figure class=\"wp-block-image size-large\"><img loading=\"lazy\" decoding=\"async\" width=\"1024\" height=\"683\" src=\"https:\/\/24tsv.fr\/wp-content\/uploads\/2025\/06\/24TSVDSC02780-1024x683.jpg\" alt=\"\" class=\"wp-image-251\" srcset=\"https:\/\/24tsv.fr\/wp-content\/uploads\/2025\/06\/24TSVDSC02780-1024x683.jpg 1024w, https:\/\/24tsv.fr\/wp-content\/uploads\/2025\/06\/24TSVDSC02780-300x200.jpg 300w, https:\/\/24tsv.fr\/wp-content\/uploads\/2025\/06\/24TSVDSC02780-768x512.jpg 768w, https:\/\/24tsv.fr\/wp-content\/uploads\/2025\/06\/24TSVDSC02780-1536x1024.jpg 1536w, https:\/\/24tsv.fr\/wp-content\/uploads\/2025\/06\/24TSVDSC02780-2048x1365.jpg 2048w\" sizes=\"auto, (max-width: 1024px) 100vw, 1024px\" \/><\/figure>\n<\/div>\n<\/div>\n\n\n\n<p><strong>Mat\u00e9riel  :<\/strong><\/p>\n\n\n\n<ul class=\"wp-block-list\">\n<li>Chaussures de trail adapt\u00e9es.<\/li>\n\n\n\n<li>V\u00eatements adapt\u00e9s \u00e0 la m\u00e9t\u00e9o (pr\u00e9voir du change pour la nuit et les changements de temp\u00e9rature).<\/li>\n\n\n\n<li>Lampe frontale (obligatoire) pour les sessions nocturnes et les travers\u00e9es des tunnels<\/li>\n\n\n\n<li>Ravitaillement personnel sur le parcours et r\u00e9serve d&rsquo;eau.<\/li>\n<\/ul>\n\n\n\n<p><strong>Ravitaillement et soutien :<\/strong><\/p>\n\n\n\n<ul class=\"wp-block-list\">\n<li>Un ravitaillement sera disponible \u00e0 la fin de chaque boucle.<\/li>\n\n\n\n<li>Espace de repos et zones pour installer votre mat\u00e9riel.<\/li>\n<\/ul>\n\n\n\n<p><strong>Logistique et s\u00e9curit\u00e9 :<\/strong><\/p>\n\n\n\n<ul class=\"wp-block-list\">\n<li>Assistance m\u00e9dicale sur place en cas de besoin.<\/li>\n\n\n\n<li>Le parcours sera balis\u00e9 et s\u00e9curis\u00e9 tout au long de l&rsquo;\u00e9preuve.<\/li>\n<\/ul>\n","protected":false},"excerpt":{"rendered":"<p>Date et lieu : Acc\u00e8s : Toutes les infos ici, \u00e0 lire attentivement svp Tarifs : R\u00e8glement: Convivialit\u00e9 : Mat\u00e9riel : Ravitaillement et soutien : Logistique et s\u00e9curit\u00e9 :<\/p>\n","protected":false},"author":1,"featured_media":0,"parent":0,"menu_order":0,"comment_status":"closed","ping_status":"closed","template":"","meta":{"_themeisle_gutenberg_block_has_review":false,"footnotes":""},"class_list":["post-44","page","type-page","status-publish","hentry"],"_links":{"self":[{"href":"https:\/\/24tsv.fr\/index.php\/wp-json\/wp\/v2\/pages\/44","targetHints":{"allow":["GET"]}}],"collection":[{"href":"https:\/\/24tsv.fr\/index.php\/wp-json\/wp\/v2\/pages"}],"about":[{"href":"https:\/\/24tsv.fr\/index.php\/wp-json\/wp\/v2\/types\/page"}],"author":[{"embeddable":true,"href":"https:\/\/24tsv.fr\/index.php\/wp-json\/wp\/v2\/users\/1"}],"replies":[{"embeddable":true,"href":"https:\/\/24tsv.fr\/index.php\/wp-json\/wp\/v2\/comments?post=44"}],"version-history":[{"count":34,"href":"https:\/\/24tsv.fr\/index.php\/wp-json\/wp\/v2\/pages\/44\/revisions"}],"predecessor-version":[{"id":383,"href":"https:\/\/24tsv.fr\/index.php\/wp-json\/wp\/v2\/pages\/44\/revisions\/383"}],"wp:attachment":[{"href":"https:\/\/24tsv.fr\/index.php\/wp-json\/wp\/v2\/media?parent=44"}],"curies":[{"name":"wp","href":"https:\/\/api.w.org\/{rel}","templated":true}]}}